{"id":97,"date":"2020-03-30T23:57:09","date_gmt":"2020-03-30T21:57:09","guid":{"rendered":"http:\/\/laredacenbasket.fr\/?page_id=97"},"modified":"2020-04-06T14:28:57","modified_gmt":"2020-04-06T12:28:57","slug":"a-propos","status":"publish","type":"page","link":"https:\/\/laredacenbasket.fr\/index.php\/a-propos\/","title":{"rendered":"\u00c0 PROPOS"},"content":{"rendered":"\n<div class=\"wp-block-media-text alignwide\" style=\"grid-template-columns:38% auto\"><figure class=\"wp-block-media-text__media\"><img loading=\"lazy\" decoding=\"async\" width=\"1024\" height=\"1024\" src=\"http:\/\/laredacenbasket.fr\/wp-content\/uploads\/2020\/03\/une-redac-en-basket-1-1024x1024.jpg\" alt=\"\" class=\"wp-image-159\" srcset=\"https:\/\/laredacenbasket.fr\/wp-content\/uploads\/2020\/03\/une-redac-en-basket-1-1024x1024.jpg 1024w, https:\/\/laredacenbasket.fr\/wp-content\/uploads\/2020\/03\/une-redac-en-basket-1-300x300.jpg 300w, https:\/\/laredacenbasket.fr\/wp-content\/uploads\/2020\/03\/une-redac-en-basket-1-150x150.jpg 150w, https:\/\/laredacenbasket.fr\/wp-content\/uploads\/2020\/03\/une-redac-en-basket-1-768x768.jpg 768w, https:\/\/laredacenbasket.fr\/wp-content\/uploads\/2020\/03\/une-redac-en-basket-1-1536x1536.jpg 1536w, https:\/\/laredacenbasket.fr\/wp-content\/uploads\/2020\/03\/une-redac-en-basket-1-2048x2048.jpg 2048w\" sizes=\"auto, (max-width: 1024px) 100vw, 1024px\" \/><\/figure><div class=\"wp-block-media-text__content\">\n<h4><strong>La r\u00e9dac&#8217; en basket, c&#8217;est&#8230;<\/strong><\/h4>\n\n\n\n<p>Un peu de tout et n&#8217;importe quoi, un peu de tout et un peu de moi, un peu de tout et des \u00e9crits pour soi&#8230;. et pour toi aussi bien s\u00fbr.<\/p>\n\n\n\n<p><strong>La r\u00e9dac&#8217; en basket, c&#8217;est&#8230;<\/strong>  le journal (qui court, qui court) d&#8217;une confin\u00e9e en temps de crise, qui en profite pour \u00e9crire et publier.<\/p>\n\n\n\n<p><strong>La r\u00e9dac&#8217; en basket, c&#8217;est&#8230;<\/strong> cette petite pause tant m\u00e9rit\u00e9, ce carr\u00e9 de chocolat croqu\u00e9 dans le canap\u00e9, ce verre de vin entre copains, ce sourire dans la journ\u00e9e.<\/p>\n\n\n\n<p><strong>La r\u00e9dac&#8217; en basket, c&#8217;est&#8230; <\/strong>la joie de vivre, l&#8217;envie d&#8217;\u00eatre bien dans ses baskets, la passion d&#8217;\u00e9crire, la folie d&#8217;y croire, l&#8217;ambition de cr\u00e9er pour soi, pour toi, pour lui, pour eux. <\/p>\n\n\n\n<p><strong>La r\u00e9dac&#8217; en basket, c&#8217;est&#8230; <\/strong>moi, une r\u00e9dac&#8217; \u00e0 la t\u00eate d&#8217;une bo\u00eete et d&#8217;une sacr\u00e9e tribu !<\/p>\n\n\n\n<h4 class=\"wp-block-heading\"><strong>Pourquoi la r\u00e9dac&#8217; en basket ? <\/strong><\/h4>\n\n\n\n<p><a href=\"http:\/\/www.laredacenbasket.fr\">LA REDAC&#8217; EN BASKET<\/a>, c&#8217;est le pari un peu fou de publier pour la premi\u00e8re fois des contenus plus personnels. Et rien de tel qu&#8217;un nom qui va \u00e0 la r\u00e9dac&#8217; comme basket \u00e0 son pied ! <\/p>\n\n\n\n<h4 class=\"wp-block-heading\"><strong>Qui est derri\u00e8re la r\u00e9dac&#8217; en basket ? <\/strong><\/h4>\n\n\n\n<p><strong>C\u00e9line Plunian<\/strong> est la plume derri\u00e8re <a href=\"http:\/\/www.laredacenbasket.fr\/\">la r\u00e9dac&#8217; en basket<\/a>. Conceptrice-r\u00e9dactrice, elle a cr\u00e9\u00e9 en 2018 <a href=\"http:\/\/www.lemotmagique-redaction.com\/\">LE MOT MAGIQUE<\/a>, sa petite entreprise qui pr\u00eate sa plume aux contenus des marques et des entreprises. <a href=\"http:\/\/www.laredacenbasket.fr\/\">LA REDAC&#8217;EN BASKET<\/a> est son premier blog d&#8217;\u00e9crits personnels.<\/p>\n<\/div><\/div>\n\n    <div class=\"xs_social_share_widget xs_share_url after_content main_content wslu-style-3 wslu-share-box-shaped wslu-fill-brand-hover-colored wslu-share-m-5 wslu-none wslu-share-horizontal wslu-theme-font-no wslu-main_content\">\n\n\t\t\n        <ul>\n\t\t\t                    <li class=\"xs-share-li\n                        facebook                        wslu-no-extra-data\" >\n                        <a href=\"javascript:void();\" id=\"xs_feed_facebook\" onclick=\"xs_feed_share(this);\" data-xs-href=\"http:\/\/www.facebook.com\/sharer.php?u=https%3A%2F%2Flaredacenbasket.fr%2Findex.php%2Fa-propos%2F&t=%C3%80+PROPOS&v=3\">\n\n                            <div class=\"xs-social-icon\">\n                                <span class=\"met-social met-social-facebook\"><\/span>\n                            <\/div>\n\n\t\t\t\t\t\t\t\n                            <div class=\"wslu-hover-content\">\n                                <div class=\"xs-social-followers\">\n\t\t\t\t\t\t\t\t\t0                                <\/div>\n                                <div class=\"xs-social-follower-text\">\n\t\t\t\t\t\t\t\t\tPartager                                <\/div>\n                                <div class=\"xs-social-follower-label\">\n\t\t\t\t\t\t\t\t\tFacebook                                <\/div>\n                            <\/div>\n                        <\/a>\n                    <\/li>\n\t\t\t\t\t                    <li class=\"xs-share-li\n                        twitter                        wslu-no-extra-data\" >\n                        <a href=\"javascript:void();\" id=\"xs_feed_twitter\" onclick=\"xs_feed_share(this);\" data-xs-href=\"https:\/\/twitter.com\/intent\/tweet?text=%C3%80+PROPOS+https%3A%2F%2Flaredacenbasket.fr%2Findex.php%2Fa-propos%2F&original_referer=https%3A%2F%2Flaredacenbasket.fr%2Findex.php%2Fa-propos%2F&related=xpeedstudio\">\n\n                            <div class=\"xs-social-icon\">\n                                <span class=\"met-social met-social-twitter\"><\/span>\n                            <\/div>\n\n\t\t\t\t\t\t\t\n                            <div class=\"wslu-hover-content\">\n                                <div class=\"xs-social-followers\">\n\t\t\t\t\t\t\t\t\t0                                <\/div>\n                                <div class=\"xs-social-follower-text\">\n\t\t\t\t\t\t\t\t\tPartager                                <\/div>\n                                <div class=\"xs-social-follower-label\">\n\t\t\t\t\t\t\t\t\tTwitter                                <\/div>\n                            <\/div>\n                        <\/a>\n                    <\/li>\n\t\t\t\t\t                    <li class=\"xs-share-li\n                        linkedin                        wslu-no-extra-data\" >\n                        <a href=\"javascript:void();\" id=\"xs_feed_linkedin\" onclick=\"xs_feed_share(this);\" data-xs-href=\"https:\/\/www.linkedin.com\/shareArticle?url=https%3A%2F%2Flaredacenbasket.fr%2Findex.php%2Fa-propos%2F&title=%C3%80+PROPOS&summary=&source=La+r%C3%A9dac%26%23039%3Ben+basket&mini=1\">\n\n                            <div class=\"xs-social-icon\">\n                                <span class=\"met-social met-social-linkedin\"><\/span>\n                            <\/div>\n\n\t\t\t\t\t\t\t\n                            <div class=\"wslu-hover-content\">\n                                <div class=\"xs-social-followers\">\n\t\t\t\t\t\t\t\t\t0                                <\/div>\n                                <div class=\"xs-social-follower-text\">\n\t\t\t\t\t\t\t\t\tPartager                                <\/div>\n                                <div class=\"xs-social-follower-label\">\n\t\t\t\t\t\t\t\t\tLinkedIn                                <\/div>\n                            <\/div>\n                        <\/a>\n                    <\/li>\n\t\t\t\t\t                    <li class=\"xs-share-li\n                        whatsapp                        wslu-no-extra-data\" >\n                        <a href=\"javascript:void();\" id=\"xs_feed_whatsapp\" onclick=\"xs_feed_share(this);\" data-xs-href=\"whatsapp:\/\/send?text=%C3%80+PROPOS+https%3A%2F%2Flaredacenbasket.fr%2Findex.php%2Fa-propos%2F\">\n\n                            <div class=\"xs-social-icon\">\n                                <span class=\"met-social met-social-whatsapp\"><\/span>\n                            <\/div>\n\n\t\t\t\t\t\t\t\n                            <div class=\"wslu-hover-content\">\n                                <div class=\"xs-social-followers\">\n\t\t\t\t\t\t\t\t\t0                                <\/div>\n                                <div class=\"xs-social-follower-text\">\n\t\t\t\t\t\t\t\t\tPartager                                <\/div>\n                                <div class=\"xs-social-follower-label\">\n\t\t\t\t\t\t\t\t\tWhatsApp                                <\/div>\n                            <\/div>\n                        <\/a>\n                    <\/li>\n\t\t\t\t\t                    <li class=\"xs-share-li\n                        email                        wslu-no-extra-data\" >\n                        <a href=\"javascript:void();\" id=\"xs_feed_email\" onclick=\"xs_feed_share(this);\" data-xs-href=\"mailto:?body=Title%3A+%C3%80+PROPOS+%5Cn%5Cn+URL%3A+https%3A%2F%2Flaredacenbasket.fr%2Findex.php%2Fa-propos%2F&subject=%C3%80+PROPOS\">\n\n                            <div class=\"xs-social-icon\">\n                                <span class=\"met-social met-social-email\"><\/span>\n                            <\/div>\n\n\t\t\t\t\t\t\t\n                            <div class=\"wslu-hover-content\">\n                                <div class=\"xs-social-followers\">\n\t\t\t\t\t\t\t\t\t0                                <\/div>\n                                <div class=\"xs-social-follower-text\">\n\t\t\t\t\t\t\t\t\tPartager                                <\/div>\n                                <div class=\"xs-social-follower-label\">\n\t\t\t\t\t\t\t\t\tEmail                                <\/div>\n                            <\/div>\n                        <\/a>\n                    <\/li>\n\t\t\t\t\t        <\/ul>\n    <\/div>\n\n<script>\n    function xs_feed_share(e){\n        if(e){\n            var getLink = e.getAttribute('data-xs-href');\n            window.open(getLink, 'xs_feed_sharer', 'width=626,height=436');\n        }\n    }\n<\/script>\n","protected":false},"excerpt":{"rendered":"<p class=\"text-justify\">La r\u00e9dac&#8217; en basket, c&#8217;est&#8230; Un peu de tout et n&#8217;importe quoi, un peu de tout et un peu de moi, un [&hellip;]<\/p>\n","protected":false},"author":1,"featured_media":0,"parent":0,"menu_order":0,"comment_status":"closed","ping_status":"closed","template":"","meta":{"footnotes":""},"class_list":["post-97","page","type-page","status-publish","hentry"],"jetpack_sharing_enabled":true,"_links":{"self":[{"href":"https:\/\/laredacenbasket.fr\/index.php\/wp-json\/wp\/v2\/pages\/97","targetHints":{"allow":["GET"]}}],"collection":[{"href":"https:\/\/laredacenbasket.fr\/index.php\/wp-json\/wp\/v2\/pages"}],"about":[{"href":"https:\/\/laredacenbasket.fr\/index.php\/wp-json\/wp\/v2\/types\/page"}],"author":[{"embeddable":true,"href":"https:\/\/laredacenbasket.fr\/index.php\/wp-json\/wp\/v2\/users\/1"}],"replies":[{"embeddable":true,"href":"https:\/\/laredacenbasket.fr\/index.php\/wp-json\/wp\/v2\/comments?post=97"}],"version-history":[{"count":14,"href":"https:\/\/laredacenbasket.fr\/index.php\/wp-json\/wp\/v2\/pages\/97\/revisions"}],"predecessor-version":[{"id":193,"href":"https:\/\/laredacenbasket.fr\/index.php\/wp-json\/wp\/v2\/pages\/97\/revisions\/193"}],"wp:attachment":[{"href":"https:\/\/laredacenbasket.fr\/index.php\/wp-json\/wp\/v2\/media?parent=97"}],"curies":[{"name":"wp","href":"https:\/\/api.w.org\/{rel}","templated":true}]}}